e highest common factor of 58 and 960263660.
58
Calculate the highest common divisor of 3024 and 4821984.
432
Calculate the highest common factor of 141463179 and 1242.
621
Calculate the greatest common divisor of 116 and 267456821.
29
Calculate the highest common divisor of 10979416 and 122094.
4522
Calculate the highest common factor of 1668 and 811204.
556
Calculate the highest common factor of 198153028 and 1244.
1244
Calculate the greatest common divisor of 1673 and 2268827239.
1673
Calculate the highest common divisor of 912243 and 33.
3
Calculate the highest common divisor of 50596 and 3619560.
3892
What is the greatest common divisor of 176 and 26511188?
44
Calculate the greatest common factor of 103009 and 799936.
431
Calculate the greatest common divisor of 18 and 50711352.
6
What is the greatest common divisor of 24384 and 2197056?
192
Calculate the highest common divisor of 19933164 and 804.
12
Calculate the greatest common factor of 20206 and 2.
2
What is the highest common divisor of 443357522 and 207?
23
Calculate the highest common divisor of 7263025 and 51425.
3025
What is the highest common factor of 7398028 and 24584?
1756
What is the highest common factor of 18658134 and 1056?
66
What is the greatest common divisor of 410433505 and 1195?
1195
Calculate the highest common factor of 21598934 and 133.
133
What is the highest common divisor of 1593548 and 60?
4
What is the greatest common divisor of 43660 and 6771740?
740
What is the highest common divisor of 440 and 24390?
10
What is the greatest common divisor of 7601 and 484905795?
7601
What is the highest common divisor of 21213016 and 2702?
386
What is the highest common divisor of 52 and 6371014?
26
What is the highest common factor of 3478 and 78465419?
1739
What is the highest common factor of 65 and 4056065?
65
What is the highest common factor of 188805927 and 102?
51
What is the greatest common factor of 278844265 and 105?
35
Calculate the highest common factor of 532463312 and 53837.
7691
Calculate the highest common divisor of 660466260 and 180.
180
What is the greatest common divisor of 146841772 and 1540?
308
Calculate the highest common factor of 6394760 and 160.
40
Calculate the highest common divisor of 26 and 46679529.
13
Calculate the highest common factor of 29916 and 4510668.
3324
What is the greatest common divisor of 174 and 302154422?
58
What is the greatest common divisor of 59904 and 85059?
117
Calculate the highest common divisor of 155778429 and 102.
51
Calculate the greatest common factor of 204402358 and 906.
302
What is the greatest common factor of 45 and 2044045?
5
What is the highest common divisor of 517 and 15773098?
11
Calculate the highest common factor of 4004 and 1016477462.
2002
What is the highest common factor of 433728 and 312?
24
Calculate the highest common divisor of 198919 and 964187.
1267
Calculate the greatest common factor of 153040 and 53360.
80
What is the highest common factor of 2079 and 4861857?
231
What is the highest common divisor of 5147 and 99198131?
5147
What is the highest common divisor of 11782364 and 132?
44
What is the highest common divisor of 6102642 and 26?
26
What is the highest common factor of 29501520 and 2962?
2962
Calculate the highest common divisor of 364051809 and 297.
99
What is the highest common divisor of 1763658 and 1521?
117
Calculate the greatest common divisor of 117 and 487202976.
117
Calculate the highest common factor of 280 and 273479920.
280
What is the highest common factor of 32646534 and 186?
186
What is the highest common factor of 320 and 35658320?
80
What is the greatest common factor of 2869522 and 28928?
226
What is the greatest common divisor of 9 and 5042409?
3
What is the highest common divisor of 4364154 and 100?
2
Calculate the highest common factor of 322530 and 249754.
1654
What is the greatest common divisor of 94299778 and 488?
122
Calculate the highest common factor of 21175 and 232372525.
1925
Calculate the highest common divisor of 22188 and 715777484.
7396
Calculate the greatest common divisor of 460 and 36602936.
92
What is the highest common factor of 17941384 and 6462?
718
Calculate the greatest common divisor of 1151904 and 16188.
852
What is the greatest common factor of 180095 and 449785?
905
Calculate the greatest common factor of 411381 and 130419.
387
What is the highest common divisor of 106650 and 35392?
158
Calculate the highest common factor of 105846 and 15725034.
4602
What is the highest common divisor of 5459 and 13370121?
103
What is the greatest common divisor of 3238711 and 35?
7
What is the highest common factor of 460 and 130230020?
20
Calculate the greatest common divisor of 2567 and 23783.
17
Calculate the greatest common divisor of 1488483 and 1885792.
1901
Calculate the highest common factor of 2082 and 49796582.
694
What is the highest common divisor of 1712730 and 17040?
30
What is the greatest common factor of 259621392 and 144?
48
What is the highest common divisor of 63130 and 370?
10
What is the highest common factor of 282 and 10266022?
94
Calculate the highest common divisor of 177 and 4103863.
59
Calculate the highest common factor of 35072 and 28085.
137
What is the highest common divisor of 34 and 118015190?
34
Calculate the greatest common divisor of 2808344 and 11704.
616
Calculate the greatest common factor of 196273 and 924.
77
What is the highest common divisor of 2918708 and 2044916?
6068
Calculate the greatest common factor of 22090 and 2965.
5
What is the greatest common divisor of 6346659 and 33?
33
Calculate the highest common factor of 18262750 and 2.
2
Calculate the greatest common divisor of 2843657 and 15.
1
What is the greatest common divisor of 7686 and 4322178?
126
Calculate the greatest common factor of 1448 and 1257407.
181
Calculate the greatest common factor of 5400 and 4858974.
54
What is the highest common factor of 2513476 and 308?
28
Calculate the greatest common divisor of 988484 and 449092.
1204
Calculate the greatest common divisor of 2737 and 5824865.
23
What is the highest common divisor of 488502 and 1953?
63
What is the highest common factor of 10880 and 5864000?
320
What is the greatest common factor of 1022 and 320324?
146
What is the highest common divisor of 10703 and 1295371?
77
Calculate the greatest common divisor of 448 and 2523668.
28
Calculate the greatest common divisor of 493 and 3094816.
17
What is the highest common divisor of 9358458 and 51510?
606
What is the greatest common divisor of 68045 and 2170?
155
Calculate the highest common factor of 729 and 405957.
3
What is the greatest common factor of 162174 and 2506?
358
Calculate the highest common factor of 53820 and 10580.
460
What is the highest common divisor of 43 and 61661570?
43
What is the greatest common divisor of 10004 and 776164?
244
Calculate the highest common factor of 190 and 10010606.
38
What is the greatest common divisor of 2089570 and 10?
10
What is the highest common factor of 4585259 and 7?
7
What is the highest common factor of 15810 and 3725720?
170
What is the greatest common factor of 92062 and 92?
2
Calculate the greatest common factor of 16392764 and 852.
284
What is the highest common divisor of 2341 and 16571939?
2341
What is the greatest common factor of 2680 and 959971980?
1340
Calculate the highest common factor of 416 and 4592992.
32
What is the highest common divisor of 41578558 and 98?
98
Calculate the greatest common divisor of 6073738 and 3102.
22
Calculate the greatest common factor of 2204800 and 300800.
3200
What is the highest common divisor of 2492 and 25800299?
623
What is the highest common factor of 1482890 and 110510?
2570
Calculate the highest common divisor of 104628 and 22500.
12
What is the greatest common factor of 6457 and 133144?
11
Calculate the greatest common divisor of 541 and 175981349.
541
What is the highest common divisor of 3783 and 46722572?
1261
Calculate the highest common divisor of 420 and 5395068.
84
What is the highest common divisor of 61065 and 85972735?
6785
What is the highest common factor of 628720 and 1080424?
232
What is the greatest common divisor of 426889985 and 355?
355
Calculate the highest common divisor of 9329 and 4798052.
491
Calculate the high